{"id":2,"date":"2023-08-27T21:06:39","date_gmt":"2023-08-28T00:06:39","guid":{"rendered":"http:\/\/ibape-al.org.br\/?page_id=2"},"modified":"2023-11-01T20:09:00","modified_gmt":"2023-11-01T23:09:00","slug":"institucional","status":"publish","type":"page","link":"https:\/\/ibape-al.org.br\/index.php\/institucional\/","title":{"rendered":"Institucional"},"content":{"rendered":"\n<p>O IBAPE\/AL \u00e9 uma associa\u00e7\u00e3o de fins n\u00e3o econ\u00f4micos e sem car\u00e1ter pol\u00edtico ou religioso e seus objetivos s\u00e3o:<\/p>\n\n\n\n<details class=\"wp-block-details is-layout-flow wp-block-details-is-layout-flow\" open><summary>I &#8211; O aprimoramento, divulga\u00e7\u00e3o e transmiss\u00e3o do conhecimento t\u00e9cnico nas \u00e1reas de avalia\u00e7\u00f5es, per\u00edcias e inspe\u00e7\u00f5es de engenharia no Estado de Alagoas, atrav\u00e9s de:\u00a0<\/summary>\n<p>a) desenvolvimento de pesquisas, estudos, an\u00e1lises e discuss\u00f5es;<\/p>\n\n\n\n<p>b) realiza\u00e7\u00e3o de cursos especializados, est\u00edmulo ao ensino, \u00e0 forma\u00e7\u00e3o profissional, \u00e0 especializa\u00e7\u00e3o e ao&nbsp; aprimoramento t\u00e9cnico dos profissionais de n\u00edvel superior e das empresas registradas no CREA;&nbsp;<\/p>\n\n\n\n<p>c) realiza\u00e7\u00e3o, atrav\u00e9s de parcerias com entidades de ensino devidamente inscritas no MEC, de cursos de &#8220;p\u00f3s gradua\u00e7\u00e3o&#8221;;&nbsp;<\/p>\n\n\n\n<p>d) promo\u00e7\u00e3o de congressos, cursos, ciclos de estudos, simp\u00f3sios, semin\u00e1rios, confer\u00eancias, reuni\u00f5es, com a finalidade&nbsp; de interc\u00e2mbio de id\u00e9ias, de informa\u00e7\u00f5es e de novas t\u00e9cnicas entre seus membros e profissionais do Brasil e do Exterior,&nbsp; isoladamente ou em conjunto com outras entidades;&nbsp;<\/p>\n\n\n\n<p>e) elabora\u00e7\u00e3o e divulga\u00e7\u00e3o de normas t\u00e9cnicas, regulamento de honor\u00e1rios, relat\u00f3rios, monografias, boletins, revistas&nbsp; especializadas, pesquisas e trabalhos de interesse geral, assim como a comercializa\u00e7\u00e3o de publica\u00e7\u00f5es t\u00e9cnicas; e<\/p>\n\n\n\n<p>f) a organiza\u00e7\u00e3o, a manuten\u00e7\u00e3o e a atualiza\u00e7\u00e3o de biblioteca especializada, de banco de dados, de cadastros de\u00a0 profissionais e de empresas do setor.\u00a0<\/p>\n\n\n\n<p><\/p>\n<\/details>\n\n\n\n<p>II- a congrega\u00e7\u00e3o no Estado de Alagoas de pessoas f\u00edsicas e jur\u00eddicas que se dedicam \u00e0s atividades de avalia\u00e7\u00f5es,\u00a0 per\u00edcias e ou inspe\u00e7\u00f5es de engenharia;<\/p>\n\n\n\n<p><br>III- a assist\u00eancia e defesa dos interesses profissionais do seu quadro associativo, bem como o estabelecimento de\u00a0 c\u00f3digo de \u00e9tica profissional;\u00a0<\/p>\n\n\n\n<p><br>IV- a promo\u00e7\u00e3o de conv\u00eanios, representa\u00e7\u00f5es e a\u00e7\u00f5es conjuntas com o CONFEA, CREA\/AL, \u00f3rg\u00e3os federais, estaduais\u00a0 e municipais, entidades de classe e institui\u00e7\u00f5es p\u00fablicas ou privadas;\u00a0<\/p>\n\n\n\n<p><br>V- fazer-se representar formalmente, atrav\u00e9s de conselheiro(s), no plen\u00e1rio do CREA\/AL e demais institui\u00e7\u00f5es\u00a0 p\u00fablicas ou privadas relacionadas com as atividades dos associados;\u00a0<\/p>\n\n\n\n<p><br>VI- fazer-se representar formalmente, atrav\u00e9s de seu Presidente ou representante legal indicado pela Diretoria na\u00a0 Assembl\u00e9ia do IBAPE &#8211; Entidade Federativa Nacional;\u00a0<\/p>\n\n\n\n<p><br>VII- indicar Membros de seu quadro associativo interessados para execu\u00e7\u00e3o de trabalhos, quando solicitado;<\/p>\n\n\n\n<p><br>VIII- impetrar, em favor de seus associados, mandado de seguran\u00e7a coletivo ou outras medidas judiciais no interesse\u00a0 comum dos associados;<\/p>\n\n\n\n<p><br>IX- representar os associados judicial ou extrajudicialmente, possuindo legitimidade <em>&#8216;ad causam&#8217; <\/em>para, em\u00a0 substitui\u00e7\u00e3o processual, defender em ju\u00edzo direitos de seus associados, nos termos do art. 52, XXI da CF, independentemente de\u00a0 autoriza\u00e7\u00e3o espec\u00edfica de cada um de seus integrantes sempre que os interesses defendidos tenham a condi\u00e7\u00e3o de interesses\u00a0 coletivos.<\/p>\n","protected":false},"excerpt":{"rendered":"<p>O IBAPE\/AL \u00e9 uma associa\u00e7\u00e3o de fins n\u00e3o econ\u00f4micos e sem car\u00e1ter pol\u00edtico ou religioso e seus objetivos s\u00e3o: II- a congrega\u00e7\u00e3o no Estado de Alagoas de pessoas f\u00edsicas e jur\u00eddicas que se dedicam \u00e0s atividades de avalia\u00e7\u00f5es,\u00a0 per\u00edcias e ou inspe\u00e7\u00f5es de engenharia; III- a assist\u00eancia e defesa dos interesses profissionais do seu quadro [&hellip;]<\/p>\n","protected":false},"author":1,"featured_media":0,"parent":0,"menu_order":0,"comment_status":"closed","ping_status":"open","template":"","meta":{"site-sidebar-layout":"default","site-content-layout":"","ast-site-content-layout":"","site-content-style":"default","site-sidebar-style":"default","ast-global-header-display":"","ast-banner-title-visibility":"","ast-main-header-display":"","ast-hfb-above-header-display":"","ast-hfb-below-header-display":"","ast-hfb-mobile-header-display":"","site-post-title":"","ast-breadcrumbs-content":"","ast-featured-img":"","footer-sml-layout":"","theme-transparent-header-meta":"","adv-header-id-meta":"","stick-header-meta":"","header-above-stick-meta":"","header-main-stick-meta":"","header-below-stick-meta":"","astra-migrate-meta-layouts":"default","ast-page-background-enabled":"default","ast-page-background-meta":{"desktop":{"background-color":"var(--ast-global-color-4)","background-image":"","background-repeat":"repeat","background-position":"center center","background-size":"auto","background-attachment":"scroll","background-type":"","background-media":"","overlay-type":"","overlay-color":"","overlay-opacity":"","overlay-gradient":""},"tablet":{"background-color":"","background-image":"","background-repeat":"repeat","background-position":"center center","background-size":"auto","background-attachment":"scroll","background-type":"","background-media":"","overlay-type":"","overlay-color":"","overlay-opacity":"","overlay-gradient":""},"mobile":{"background-color":"","background-image":"","background-repeat":"repeat","background-position":"center center","background-size":"auto","background-attachment":"scroll","background-type":"","background-media":"","overlay-type":"","overlay-color":"","overlay-opacity":"","overlay-gradient":""}},"ast-content-background-meta":{"desktop":{"background-color":"var(--ast-global-color-5)","background-image":"","background-repeat":"repeat","background-position":"center center","background-size":"auto","background-attachment":"scroll","background-type":"","background-media":"","overlay-type":"","overlay-color":"","overlay-opacity":"","overlay-gradient":""},"tablet":{"background-color":"var(--ast-global-color-5)","background-image":"","background-repeat":"repeat","background-position":"center center","background-size":"auto","background-attachment":"scroll","background-type":"","background-media":"","overlay-type":"","overlay-color":"","overlay-opacity":"","overlay-gradient":""},"mobile":{"background-color":"var(--ast-global-color-5)","background-image":"","background-repeat":"repeat","background-position":"center center","background-size":"auto","background-attachment":"scroll","background-type":"","background-media":"","overlay-type":"","overlay-color":"","overlay-opacity":"","overlay-gradient":""}},"footnotes":""},"class_list":["post-2","page","type-page","status-publish","hentry"],"_links":{"self":[{"href":"https:\/\/ibape-al.org.br\/index.php\/wp-json\/wp\/v2\/pages\/2","targetHints":{"allow":["GET"]}}],"collection":[{"href":"https:\/\/ibape-al.org.br\/index.php\/wp-json\/wp\/v2\/pages"}],"about":[{"href":"https:\/\/ibape-al.org.br\/index.php\/wp-json\/wp\/v2\/types\/page"}],"author":[{"embeddable":true,"href":"https:\/\/ibape-al.org.br\/index.php\/wp-json\/wp\/v2\/users\/1"}],"replies":[{"embeddable":true,"href":"https:\/\/ibape-al.org.br\/index.php\/wp-json\/wp\/v2\/comments?post=2"}],"version-history":[{"count":0,"href":"https:\/\/ibape-al.org.br\/index.php\/wp-json\/wp\/v2\/pages\/2\/revisions"}],"wp:attachment":[{"href":"https:\/\/ibape-al.org.br\/index.php\/wp-json\/wp\/v2\/media?parent=2"}],"curies":[{"name":"wp","href":"https:\/\/api.w.org\/{rel}","templated":true}]}}